{"id":43,"date":"2025-02-26T12:27:35","date_gmt":"2025-02-26T12:27:35","guid":{"rendered":"https:\/\/www.harlekyno.sk\/?page_id=43"},"modified":"2025-02-26T13:35:39","modified_gmt":"2025-02-26T13:35:39","slug":"vitajte-na-strankach-obcianskeho-zdruzenia-harlekyno","status":"publish","type":"page","link":"https:\/\/www.harlekyno.sk\/","title":{"rendered":"Vitajte na str\u00e1nkach ob\u010dianskeho zdru\u017eenia Harlekyno."},"content":{"rendered":"\t\t<div data-elementor-type=\"wp-post\" data-elementor-id=\"43\" class=\"elementor elementor-43\">\n\t\t\t\t<div class=\"elementor-element elementor-element-ba85d0f e-flex e-con-boxed e-con e-parent\" data-id=\"ba85d0f\" data-element_type=\"container\">\n\t\t\t\t\t<div class=\"e-con-inner\">\n\t\t\t\t<div class=\"elementor-element elementor-element-828a319 elementor-widget elementor-widget-text-editor\" data-id=\"828a319\" data-element_type=\"widget\" data-widget_type=\"text-editor.default\">\n\t\t\t\t<div class=\"elementor-widget-container\">\n\t\t\t\t\t\t\t\t\t<p>Na obsahu str\u00e1nok sa moment\u00e1lne pracuje.<\/p>\n<p>\u010eakujeme za porozumenie.<\/p>\t\t\t\t\t\t\t\t<\/div>\n\t\t\t\t<\/div>\n\t\t\t\t\t<\/div>\n\t\t\t\t<\/div>\n\t\t<div class=\"elementor-element elementor-element-cddf16f e-flex e-con-boxed e-con e-parent\" data-id=\"cddf16f\" data-element_type=\"container\">\n\t\t\t\t\t<div class=\"e-con-inner\">\n\t\t<div class=\"elementor-element elementor-element-c523ade e-con-full e-flex e-con e-child\" data-id=\"c523ade\" data-element_type=\"container\">\n\t\t\t\t<div class=\"elementor-element elementor-element-4f59cea elementor-widget elementor-widget-image\" data-id=\"4f59cea\" data-element_type=\"widget\" data-widget_type=\"image.default\">\n\t\t\t\t<div class=\"elementor-widget-container\">\n\t\t\t\t\t\t\t\t\t\t\t\t\t\t\t<img fetchpriority=\"high\" decoding=\"async\" width=\"768\" height=\"1024\" src=\"https:\/\/www.harlekyno.sk\/wp-content\/uploads\/2025\/02\/Harlekyno_02-768x1024.jpeg\" class=\"attachment-large size-large wp-image-49\" alt=\"\" srcset=\"https:\/\/www.harlekyno.sk\/wp-content\/uploads\/2025\/02\/Harlekyno_02-768x1024.jpeg 768w, https:\/\/www.harlekyno.sk\/wp-content\/uploads\/2025\/02\/Harlekyno_02-225x300.jpeg 225w, https:\/\/www.harlekyno.sk\/wp-content\/uploads\/2025\/02\/Harlekyno_02-1152x1536.jpeg 1152w, https:\/\/www.harlekyno.sk\/wp-content\/uploads\/2025\/02\/Harlekyno_02.jpeg 1368w\" sizes=\"(max-width: 768px) 100vw, 768px\" \/>\t\t\t\t\t\t\t\t\t\t\t\t\t\t\t<\/div>\n\t\t\t\t<\/div>\n\t\t\t\t<div class=\"elementor-element elementor-element-df2d9a1 elementor-widget elementor-widget-image\" data-id=\"df2d9a1\" data-element_type=\"widget\" data-widget_type=\"image.default\">\n\t\t\t\t<div class=\"elementor-widget-container\">\n\t\t\t\t\t\t\t\t\t\t\t\t\t\t\t<img decoding=\"async\" width=\"800\" height=\"600\" src=\"https:\/\/www.harlekyno.sk\/wp-content\/uploads\/2025\/02\/WhatsApp-Image-2025-02-10-at-14.34.592-1024x768.jpeg\" class=\"attachment-large size-large wp-image-50\" alt=\"\" srcset=\"https:\/\/www.harlekyno.sk\/wp-content\/uploads\/2025\/02\/WhatsApp-Image-2025-02-10-at-14.34.592-1024x768.jpeg 1024w, https:\/\/www.harlekyno.sk\/wp-content\/uploads\/2025\/02\/WhatsApp-Image-2025-02-10-at-14.34.592-300x225.jpeg 300w, https:\/\/www.harlekyno.sk\/wp-content\/uploads\/2025\/02\/WhatsApp-Image-2025-02-10-at-14.34.592-768x576.jpeg 768w, https:\/\/www.harlekyno.sk\/wp-content\/uploads\/2025\/02\/WhatsApp-Image-2025-02-10-at-14.34.592-1536x1152.jpeg 1536w, https:\/\/www.harlekyno.sk\/wp-content\/uploads\/2025\/02\/WhatsApp-Image-2025-02-10-at-14.34.592.jpeg 1824w\" sizes=\"(max-width: 800px) 100vw, 800px\" \/>\t\t\t\t\t\t\t\t\t\t\t\t\t\t\t<\/div>\n\t\t\t\t<\/div>\n\t\t\t\t<\/div>\n\t\t<div class=\"elementor-element elementor-element-8dbad27 e-con-full e-flex e-con e-child\" data-id=\"8dbad27\" data-element_type=\"container\">\n\t\t\t\t<div class=\"elementor-element elementor-element-cc92f54 elementor-widget elementor-widget-image\" data-id=\"cc92f54\" data-element_type=\"widget\" data-widget_type=\"image.default\">\n\t\t\t\t<div class=\"elementor-widget-container\">\n\t\t\t\t\t\t\t\t\t\t\t\t\t\t\t<img decoding=\"async\" width=\"800\" height=\"633\" src=\"https:\/\/www.harlekyno.sk\/wp-content\/uploads\/2025\/02\/Harlekyno_01-1024x810.jpeg\" class=\"attachment-large size-large wp-image-48\" alt=\"\" srcset=\"https:\/\/www.harlekyno.sk\/wp-content\/uploads\/2025\/02\/Harlekyno_01-1024x810.jpeg 1024w, https:\/\/www.harlekyno.sk\/wp-content\/uploads\/2025\/02\/Harlekyno_01-300x237.jpeg 300w, https:\/\/www.harlekyno.sk\/wp-content\/uploads\/2025\/02\/Harlekyno_01-768x607.jpeg 768w, https:\/\/www.harlekyno.sk\/wp-content\/uploads\/2025\/02\/Harlekyno_01-1536x1215.jpeg 1536w, https:\/\/www.harlekyno.sk\/wp-content\/uploads\/2025\/02\/Harlekyno_01.jpeg 1730w\" sizes=\"(max-width: 800px) 100vw, 800px\" \/>\t\t\t\t\t\t\t\t\t\t\t\t\t\t\t<\/div>\n\t\t\t\t<\/div>\n\t\t\t\t<div class=\"elementor-element elementor-element-7591ef9 elementor-widget elementor-widget-image\" data-id=\"7591ef9\" data-element_type=\"widget\" data-widget_type=\"image.default\">\n\t\t\t\t<div class=\"elementor-widget-container\">\n\t\t\t\t\t\t\t\t\t\t\t\t\t\t\t<img loading=\"lazy\" decoding=\"async\" width=\"743\" height=\"1024\" src=\"https:\/\/www.harlekyno.sk\/wp-content\/uploads\/2025\/02\/Harlekyno_00-743x1024.jpeg\" class=\"attachment-large size-large wp-image-47\" alt=\"\" srcset=\"https:\/\/www.harlekyno.sk\/wp-content\/uploads\/2025\/02\/Harlekyno_00-743x1024.jpeg 743w, https:\/\/www.harlekyno.sk\/wp-content\/uploads\/2025\/02\/Harlekyno_00-218x300.jpeg 218w, https:\/\/www.harlekyno.sk\/wp-content\/uploads\/2025\/02\/Harlekyno_00-768x1059.jpeg 768w, https:\/\/www.harlekyno.sk\/wp-content\/uploads\/2025\/02\/Harlekyno_00-1114x1536.jpeg 1114w, https:\/\/www.harlekyno.sk\/wp-content\/uploads\/2025\/02\/Harlekyno_00.jpeg 1485w\" sizes=\"(max-width: 743px) 100vw, 743px\" \/>\t\t\t\t\t\t\t\t\t\t\t\t\t\t\t<\/div>\n\t\t\t\t<\/div>\n\t\t\t\t<\/div>\n\t\t\t\t\t<\/div>\n\t\t\t\t<\/div>\n\t\t<div class=\"elementor-element elementor-element-b4ea1da e-flex e-con-boxed e-con e-parent\" data-id=\"b4ea1da\" data-element_type=\"container\">\n\t\t\t\t\t<div class=\"e-con-inner\">\n\t\t\t\t<div class=\"elementor-element elementor-element-75cec19 elementor-widget elementor-widget-heading\" data-id=\"75cec19\" data-element_type=\"widget\" data-widget_type=\"heading.default\">\n\t\t\t\t<div class=\"elementor-widget-container\">\n\t\t\t\t\t<h2 class=\"elementor-heading-title elementor-size-default\">Harlekyno, o. z.<\/h2>\t\t\t\t<\/div>\n\t\t\t\t<\/div>\n\t\t\t\t\t<\/div>\n\t\t\t\t<\/div>\n\t\t<div class=\"elementor-element elementor-element-37b40fc e-grid e-con-boxed e-con e-parent\" data-id=\"37b40fc\" data-element_type=\"container\">\n\t\t\t\t\t<div class=\"e-con-inner\">\n\t\t\t\t<div class=\"elementor-element elementor-element-a7a0daa elementor-widget elementor-widget-text-editor\" data-id=\"a7a0daa\" data-element_type=\"widget\" data-widget_type=\"text-editor.default\">\n\t\t\t\t<div class=\"elementor-widget-container\">\n\t\t\t\t\t\t\t\t\t<p>Jilemnick\u00e9ho 3999\/29 <br \/>03601 Martin<\/p>\n<p><b>I\u010cO:<\/b> 50369725<\/p>\n<p><strong>IBAN \u010d\u00edslo \u00fa\u010dtu:<\/strong> SK2509000000005226033051<\/p>\n<p>\u00a0<\/p>\t\t\t\t\t\t\t\t<\/div>\n\t\t\t\t<\/div>\n\t\t\t\t<div class=\"elementor-element elementor-element-83301cc elementor-widget elementor-widget-image\" data-id=\"83301cc\" data-element_type=\"widget\" data-widget_type=\"image.default\">\n\t\t\t\t<div class=\"elementor-widget-container\">\n\t\t\t\t\t\t\t\t\t\t\t\t\t\t\t<img loading=\"lazy\" decoding=\"async\" width=\"150\" height=\"150\" src=\"https:\/\/www.harlekyno.sk\/wp-content\/uploads\/2025\/02\/oz-Harlekyno-dve-percenta-150x150.png\" class=\"attachment-thumbnail size-thumbnail wp-image-57\" alt=\"\" srcset=\"https:\/\/www.harlekyno.sk\/wp-content\/uploads\/2025\/02\/oz-Harlekyno-dve-percenta-150x150.png 150w, https:\/\/www.harlekyno.sk\/wp-content\/uploads\/2025\/02\/oz-Harlekyno-dve-percenta.png 300w\" sizes=\"(max-width: 150px) 100vw, 150px\" \/>\t\t\t\t\t\t\t\t\t\t\t\t\t\t\t<\/div>\n\t\t\t\t<\/div>\n\t\t\t\t\t<\/div>\n\t\t\t\t<\/div>\n\t\t<div class=\"elementor-element elementor-element-d4a7e35 e-flex e-con-boxed e-con e-parent\" data-id=\"d4a7e35\" data-element_type=\"container\">\n\t\t\t\t\t<div class=\"e-con-inner\">\n\t\t\t\t<div class=\"elementor-element elementor-element-9198d60 elementor-widget elementor-widget-heading\" data-id=\"9198d60\" data-element_type=\"widget\" data-widget_type=\"heading.default\">\n\t\t\t\t<div class=\"elementor-widget-container\">\n\t\t\t\t\t<h2 class=\"elementor-heading-title elementor-size-default\">Podporte, pros\u00edm, na\u0161u \u010dinnos\u0165 Va\u0161imi 2%. <\/h2>\t\t\t\t<\/div>\n\t\t\t\t<\/div>\n\t\t\t\t<div class=\"elementor-element elementor-element-b977c59 elementor-widget elementor-widget-button\" data-id=\"b977c59\" data-element_type=\"widget\" data-widget_type=\"button.default\">\n\t\t\t\t<div class=\"elementor-widget-container\">\n\t\t\t\t\t\t\t\t\t<div class=\"elementor-button-wrapper\">\n\t\t\t\t\t<a class=\"elementor-button elementor-button-link elementor-size-sm\" href=\"https:\/\/www.harlekyno.sk\/wp-content\/uploads\/2025\/02\/ozHarlekyno_web_2-percenta_formular-za-rok-2024-FO.pdf\">\n\t\t\t\t\t\t<span class=\"elementor-button-content-wrapper\">\n\t\t\t\t\t\t\t\t\t<span class=\"elementor-button-text\">Formul\u00e1r 2% na stiahnutie<\/span>\n\t\t\t\t\t<\/span>\n\t\t\t\t\t<\/a>\n\t\t\t\t<\/div>\n\t\t\t\t\t\t\t\t<\/div>\n\t\t\t\t<\/div>\n\t\t\t\t\t<\/div>\n\t\t\t\t<\/div>\n\t\t\t\t<\/div>\n\t\t","protected":false},"excerpt":{"rendered":"<p>Na obsahu str\u00e1nok sa moment\u00e1lne pracuje. \u010eakujeme za porozumenie. Harlekyno, o. z. Jilemnick\u00e9ho 3999\/29 03601 Martin I\u010cO: 50369725 IBAN \u010d\u00edslo \u00fa\u010dtu: SK2509000000005226033051 \u00a0 Podporte, pros\u00edm, na\u0161u \u010dinnos\u0165 Va\u0161imi 2%. Formul\u00e1r 2% na stiahnutie<\/p>\n","protected":false},"author":1,"featured_media":0,"parent":0,"menu_order":0,"comment_status":"closed","ping_status":"closed","template":"","meta":{"footnotes":""},"class_list":["post-43","page","type-page","status-publish","hentry"],"_links":{"self":[{"href":"https:\/\/www.harlekyno.sk\/index.php\/wp-json\/wp\/v2\/pages\/43","targetHints":{"allow":["GET"]}}],"collection":[{"href":"https:\/\/www.harlekyno.sk\/index.php\/wp-json\/wp\/v2\/pages"}],"about":[{"href":"https:\/\/www.harlekyno.sk\/index.php\/wp-json\/wp\/v2\/types\/page"}],"author":[{"embeddable":true,"href":"https:\/\/www.harlekyno.sk\/index.php\/wp-json\/wp\/v2\/users\/1"}],"replies":[{"embeddable":true,"href":"https:\/\/www.harlekyno.sk\/index.php\/wp-json\/wp\/v2\/comments?post=43"}],"version-history":[{"count":10,"href":"https:\/\/www.harlekyno.sk\/index.php\/wp-json\/wp\/v2\/pages\/43\/revisions"}],"predecessor-version":[{"id":64,"href":"https:\/\/www.harlekyno.sk\/index.php\/wp-json\/wp\/v2\/pages\/43\/revisions\/64"}],"wp:attachment":[{"href":"https:\/\/www.harlekyno.sk\/index.php\/wp-json\/wp\/v2\/media?parent=43"}],"curies":[{"name":"wp","href":"https:\/\/api.w.org\/{rel}","templated":true}]}}